 p(j) = 8*j**3 - 21*j**2 + 8*j + 17. Calculate p(6).
1037
Let y(c) = 3*c - 162. Determine y(55).
3
Let u(w) = 2*w**3 + 91*w**2 - 142*w - 63. Give u(-47).
-16
Let h(p) = 17*p**2 - 786*p - 3204. Calculate h(50).
-4
Let a(t) = -4976*t + 9960. Determine a(2).
8
Let y(c) = c**2 + 88*c + 661. Determine y(-9).
-50
Let t(f) = -8*f + 618. What is t(43)?
274
Let m(n) = n**2 - 47*n - 2309. Calculate m(-30).
1
Let o(g) = g**3 - g**2 - 7*g + 323. Determine o(0).
323
Let s(p) = 19*p**2 + 595*p + 143. Determine s(-31).
-43
Let f(a) = -4*a**2 + 780*a - 1510. Calculate f(193).
34
Let h(n) = 6*n + 107. Determine h(-42).
-145
Let h(v) = -5*v**2 + 4*v + 81. Calculate h(-7).
-192
Let a(g) = -58*g + 262. What is a(8)?
-202
Let y(a) = 5*a**3 + 12*a**2 - 70*a + 13. What is y(3)?
46
Let z(q) = 118*q - 816. What is z(7)?
10
Let f(n) = -n**3 + 55*n**2 - 347*n + 601. Calculate f(48).
73
Let l(t) = -59*t + 1087. Calculate l(19).
-34
Let a(u) = -9*u - 53. What is a(-27)?
190
Let u(a) = -4*a**3 + 472*a**2 - 929*a + 110. Calculate u(116).
-6
Let i(o) = -2*o**3 + 203*o**2 - 1239*o + 373. What is i(95)?
-7
Let a(r) = -r**3 + 153*r**2 + 122*r + 4921. Give a(154).
-7
Let u(p) = -26*p**2 - 66*p - 53. Determine u(-1).
-13
Let o(w) = 5*w**2 + 28*w + 27. Determine o(-1).
4
Let g(h) = h**3 + 7*h**2 - 34*h - 68. What is g(4)?
-28
Let u(y) = y**3 - 27*y**2 + 11*y - 300. Calculate u(27).
-3
Let x(r) = 125*r + 21135. Give x(-169).
10
Let q(y) = -y**3 + 30*y**2 - 252*y - 28. What is q(15)?
-433
Let n(g) = -319*g + 128557. Calculate n(403).
0
Let c(s) = -2*s + 118. Calculate c(0).
118
Let l(j) = 64*j**2 - 3201*j + 93. What is l(50)?
43
Let l(s) = 7*s**3 + s**2 + 2*s + 3. Give l(-2).
-53
Let p(a) = 65*a - 466. Calculate p(8).
54
Let s(z) = z**3 - 2*z**2 - 102*z - 12. What is s(-9)?
15
Let s(z) = 8*z**3 - z**2 + z - 3. Give s(-2).
-73
Let f(s) = -s**2 + 89*s - 421. What is f(4)?
-81
Let y(m) = -6*m**2 - 8. Calculate y(3).
-62
Let v(x) = -24*x + 136. What is v(-6)?
280
Let c(l) = 19*l**2 + 6*l + 5. Give c(-1).
18
Let w(t) = t**3 + 5*t**2 - 13*t + 16. Give w(-7).
9
Let o(g) = -11849*g - 6. Calculate o(0).
-6
Let g(l) = -858*l - 5157. What is g(-6)?
-9
Let h(s) = s**2 + 52*s - 26. What is h(-27)?
-701
Let c(d) = 94*d**2 + 561*d - 13. Determine c(-6).
5
Let g(u) = 5*u**3 + 3*u**2 - 14*u - 1. Calculate g(3).
119
Let g(y) = -2*y**2 - 273*y - 6232. What is g(-29)?
3
Let b(c) = 10*c**2 - c + 6. Calculate b(-5).
261
Let d(k) = -32*k - 431. Determine d(-13).
-15
Let j(x) = -21*x**2 - 27*x - 5. Give j(-1).
1
Let d(y) = -18*y**2 - 8*y + 1. Determine d(-1).
-9
Let u(w) = -108*w + 106. Calculate u(8).
-758
Let z(r) = 11*r**2 + 7*r - 12. Give z(-5).
228
Let y(l) = 22*l**2 + 91*l + 1. Give y(-5).
96
Let h(j) = -3*j**3 - 480*j**2 - 3*j - 474. Calculate h(-160).
6
Let z(p) = p**3 - 87*p**2 - 83*p - 438. Determine z(88).
2
Let c(z) = -z**3 + 247*z**2 + 6504*z + 21. Calculate c(271).
21
Let u(r) = 41*r + 2174. Give u(-53).
1
Let q(p) = 8*p - 135. Calculate q(21).
33
Let t(r) = -101*r + 714. What is t(7)?
7
Let r(c) = 86*c + 965. Determine r(-12).
-67
Let g(a) = -14*a**2 - 59*a + 458. Determine g(4).
-2
Let u(h) = -h**3 + 41*h**2 - 75*h + 35. What is u(39)?
152
Let q(f) = -119*f - 86. Give q(-1).
33
Let n(h) = -3*h**2 + 66*h - 327. Determine n(5).
-72
Let t(g) = -353*g - 2821. Determine t(-8).
3
Let v(k) = k**2 - 61*k - 185. Give v(-3).
7
Let b(i) = -2*i**3 - 15*i**2 + 59*i - 6. What is b(-10)?
-96
Let p(f) = 15*f - 92. Determine p(6).
-2
Let u(i) = -i**3 + 19*i**2 - 11*i + 148. Determine u(19).
-61
Let m(g) = -106*g + 5534. Give m(52).
22
Let s(r) = -r**3 - 15*r**2 + 132*r + 125. Give s(-21).
-1
Let r(w) = -w**3 + 32*w**2 + 67*w + 40. Calculate r(34).
6
Let s(c) = 147*c + 828. What is s(-6)?
-54
Let y(c) = 44*c + 3543. Determine y(-80).
23
Let h(n) = -n**2 - 30*n - 186. Give h(-20).
14
Let x(m) = m**3 + 15*m**2 - 18*m - 20. Determine x(-17).
-292
Let f(i) = -7*i**2 + 562*i - 184. Calculate f(80).
-24
Let o(n) = 8*n - 66. Give o(17).
70
Let h(u) = -185*u + 1483. Determine h(8).
3
Let n(s) = -3*s**2 + 113*s + 20. What is n(38)?
-18
Let p(n) = 4*n**3 - 43*n**2 + 2*n + 13. Calculate p(11).
156
Let v(q) = -18*q**2 - 29*q + 28. Calculate v(1).
-19
Let f(j) = -4*j**2 - 8*j + 182. Give f(-9).
-70
Let f(m) = -4*m**2 + 42*m + 8. Determine f(10).
28
Let p(v) = -4*v**2 + 174*v - 1182. Calculate p(7).
-160
Let n(v) = -16*v**2 + 28*v - 150. Calculate n(6).
-558
Let h(n) = 7*n**2 + 524*n - 72. What is h(-75)?
3
Let b(a) = 23*a + 613. What is b(-28)?
-31
Let w(s) = s**3 + 12*s**2 + 5*s - 38. Calculate w(-11).
28
Let g(h) = -91*h + 4106. Give g(45).
11
Let q(d) = -d**3 - 4*d**2 + 168*d - 34. Give q(11).
-1
Let g(t) = t**3 + 2*t**2 + 6*t - 208. What is g(0)?
-208
Let y(p) = p**3 + 33*p**2 - 69*p + 25. Give y(-35).
-10
Let a(l) = 3813*l - 34319. Give a(9).
-2
Let t(d) = -7*d + 121. Determine t(8).
65
Let p(l) = l**2 - 44*l + 442. Give p(27).
-17
Let y(h) = -8*h**2 - 56*h - 10. What is y(-4)?
86
Let p(g) = g**2 - 522. What is p(-23)?
7
Let s(n) = 49*n - 147. Determine s(-11).
-686
Let v(g) = g**3 + 20*g**2 + 88*g - 115. What is v(-11)?
6
Let k(m) = -10*m**2 + 45*m - 4. What is k(4)?
16
Let q(b) = 20*b + 199. What is q(-8)?
39
Let i(w) = 6*w**3 + 70*w**2 - 20*w - 49. Calculate i(-12).
-97
Let u(g) = -g**3 + 58*g**2 + 457*g - 16718. Calculate u(61).
-4
Let m(p) = -63*p**2 - 2015*p + 60. Determine m(-32).
28
Let z(f) = 6*f**3 - 50*f**2 - 2*f + 151. Determine z(8).
7
Let d(i) = 49*i + 76. Determine d(-7).
-267
Let d(f) = -2*f**2 - 35*f - 195. Calculate d(-13).
-78
Let z(c) = -24*c + 1222. Calculate z(80).
-698
Let p(o) = o**2 - 3161*o - 15846. What is p(-5)?
-16
Let m(s) = 2*s**2 + 126*s + 680. Calculate m(-6).
-4
Let z(v) = -v**2 + 307*v - 2094. What is z(7)?
6
Let q(b) = 16*b - 131. Determine q(6).
-35
Let c(j) = -2*j**3 - 43*j**2 - 22*j + 5. What is c(-21)?
26
Let j(x) = -x**3 + 16*x**2 + 187*x + 117. Give j(24).
-3
Let l(y) = 23*y + 940. Calculate l(-41).
-3
Let v(i) = -2*i**2 + 9*i - 27. What is v(12)?
-207
Let c(j) = -5005*j + 145142. What is c(29)?
-3
Let x(j) = j**3 + 9*j**2 - 108*j + 10. Give x(-16).
-54
Let s(y) = 48*y - 3978. What is s(79)?
-186
Let k(m) = m**3 + 14*m**2 - 48*m - 245. What is k(-16)?
11
Let p(w) = 10*w**2 - 47*w - 12. What is p(5)?
3
Let n(j) = 11563*j - 18. Give n(0).
-18
Let r(l) = 3*l**3 + 40*l**2 + 49*l - 12. What is r(-12)?
-24
Let o(b) = 3128*b + 84458. Give o(-27).
2
Let i(u) = 2*u**2 + 15*u + 40. Give i(-7).
33
Let p(n) = -n**2 + 98*n - 338. Give p(4).
38
Let m(d) = -4*d**3 + 4*d**2 + 9*d - 6. What is m(-5)?
549
Let j(p) = 59*p + 2666. Determine j(-46).
-48
Let i(l) = -5*l**2 - 41*l + 20. Determine i(-9).
-16
Let l(i) = -i**3 - 9*i**2 - 15*i - 12. Determine l(-7).
-5
Let a(w) = -2*w**2 + 46*w + 162. Determine a(26).
6
Let w(i) = 2*i**3 + 45*i**2 + 43*i - 414. What is w(-21)?
6
Let d(t) = t**3 - 16*t**2 - 55*t - 41. What is d(19)?
-3
Let j(r) = 3*r**2 - 70*r + 177. Determine j(3).
-6
Let n(l) = -l**2 + 6710*l + 94150. What is n(-14)?
14
Let f(w) = -214*w - 2366. What is f(-11)?
-12
Let l(v) = -v**3 - 23*v**2 + 24*v - 1. What is l(-24)?
-1
Let c(j) = 11*j**3 + 21*j**2 + j - 3. Calculate c(-2).
-9
Let l(b) = 429*b - 5157. Give l(12).
-9
Let f(r) = r**3 - 77*r**2 + 361*r - 108. Determine f(72).
-36
Let p(m) = -2*m**2 - 10*m - 6. Determine p(-5).
-6
Let n(m) = -m**3 - 12*m**2 + 47*m + 6. Give n(-15).
-24
Let b(n) = -18*n + 99. Give b(7).
-27
Let u(v) = 2*v**3 - 7*v**2 - 10*v + 15. Determine u(6).
135
Let b(o) = 18*o + 4. Calculate b(-5).
-86
Let x(l) = -l**3 - 27*l**2 - 40*l + 97. Calculate x(-25).
-153
Let q(i) = 781*i + 3120. Give q(-4).
-4
Let c(w) = -3*w**2 + 46*w - 142. Determine c(4).
-6
Let c(t) = 34*t**2 - 16*t - 20. Calculate c(-1).
30
Let r(g) = -g**2 + 77*g - 944. Give r(11).
-218
Let f(x) = 35*x**2 + 308*x + 1242. Give f(-4).
570
Let o(n) = 1459*n + 11674. What is o(-8)?
2
Let q(m) = -720*m - 3630. Give q(-5).
-30
Let o(v) = -8*v**2 + 42*v - 21. Give o(4).
19
Let j(l) = -l**3 - 16*l**2 + 36*l + 297. Give j(-17).
-26
Let a(c) = -c**3 + 45*c**2 - 247*c + 5083. Determine a(42).
1
Let d(j) = -19*j - 2502. Give d(-108).
-450
Let h(a) = a**3 - 3*a**2 - 39*a + 30. Calculate h(9).
165
Let u(m) = 3397*m**2 + 33971*m + 23. Give u(-10).
13
Let v(b) = 864*b - 16427. Determine v(19).
-11
Let a(r) = r